*q + 6. Let i(h) = -11*b(h) + 4*p(h). Determine i(-4).
2
Let b = 0 - -4. Let l(y) = -7*y**2 - y - 4. Let t(v) = 6*v - v + 3*v - 1 - 9*v - v**2. Let q(s) = l(s) - 6*t(s). Calculate q(b).
6
Let r(a) = -a**2 - 3*a. Suppose -10*s - 3 = -9*s. What is r(s)?
0
Let n(m) = -8*m**2 - m + 1. Let h be n(1). Let s(r) = -r**3 - 7*r**2 + 9*r + 2. Determine s(h).
-6
Let s(d) = -7*d**3 + 5*d**2 + 7*d - 19. Let c(y) = 3*y**3 - 3*y**2 - 4*y + 9. Let v = -14 - -12. Let u(t) = v*s(t) - 5*c(t). What is u(6)?
-7
Let w(r) = r**2 + 7*r + 5. Let l(t) = -t**3 + 5*t**2 + 3*t - 5. Let g be l(5). Let i = g - 14. What is w(i)?
-7
Let i(c) = 2*c**2 + 6*c + 1. Let s be 2/(1 + 22/(-18)). Suppose 1 + 9 = 2*p. Let h = p + s. Determine i(h).
9
Let g(p) = 2*p**2 + 2*p**3 + 1 - 1 + 2*p - p**3. Let a be (2/5)/(2/(-10)). What is g(a)?
-4
Let q = -9 - -14. Suppose -q*c + 1 = -5*s + 21, -4*s + 11 = c. Let z(x) = -2*x**2 - x**s - x + 3*x + 0*x. What is z(-3)?
3
Let w(d) = -d**2 + 7*d - 5. Let n(x) = x**2 + 2*x - 7. Let b be n(3). Calculate w(b).
-13
Let o(s) be the third derivative of s**5/60 - s**4/4 + s**3/6 - 18*s**2 + 2*s. What is o(6)?
1
Let j(i) be the third derivative of -i**4/24 - 2*i**3 - 23*i**2. Give j(-9).
-3
Let i(v) = -2*v**3 - v - 1. Suppose -16 = -4*l - 4. Suppose p - y = -l, 0*p - p - 4*y = -7. Give i(p).
2
Let j(b) = -b**3 - 2*b**2 - 2*b - 3. Let d be j(-2). Let o(m) be the third derivative of -m**4/8 - m**2. Calculate o(d).
-3
Let y(t) = -t - 3. Let a(v) = -v - 3. Let m(d) = -5*a(d) + 6*y(d). Calculate m(-3).
0
Let o(t) be the second derivative of t**4/12 + 2*t**3/3 + 5*t**2/2 - 23*t. What is o(-4)?
5
Suppose -4 = -w - 4*f - 7, f = 0. Let h = 5 + w. Let b(r) = 0 + 0 - r - r**h. What is b(0)?
0
Let i be (0/3)/(-3) - 3. Let w(s) be the second derivative of -2*s**2 + 0 - 3*s - 1/3*s**3. Give w(i).
2
Suppose 0 = -5*n + 1 - 11. Let h = n - -4. Let k(z) = 5 + 0 - 4 + h*z - 9*z. Calculate k(1).
-6
Let z(y) = y**3 - 7*y**2 + 6*y + 4. Let d be z(6). Let v = -9 + d. Let p(q) = -4*q**2 + q - q - 1 - q**3 + 3*q. Determine p(v).
9
Let n(c) be the third derivative of c**5/60 + 7*c**4/24 + 2*c**3/3 + 2*c**2. Suppose 0*d + 12 = -2*d. Calculate n(d).
-2
Let y be -4 + 1 + (11 - 5). Let r(w) = -4*w**2 - 3 + 1 - w**3 + y*w**2. Let v = 1 + -1. Calculate r(v).
-2
Let z(c) = c**3 - 5*c**2 - 2*c + 2. Let n be z(5). Let s = n - -13. Let v(f) = f**3 - 5*f**2 + f. What is v(s)?
5
Let p(t) be the third derivative of t**6/120 + t**5/15 - t**4/4 - t**3/6 + t**2. Determine p(-5).
4
Let q(i) = i**2 - 5*i + 7. Let u(a) = a**2 - 5*a + 8. Let g(c) = -6*q(c) + 5*u(c). Let v be 40/4*(-1)/(-2). Determine g(v).
-2
Let y(r) = r**2 - 5*r + 2. Let h be y(5). Let p(a) = 4*a + 1 - h*a - 5. What is p(4)?
4
Let o(l) = l**2 + l - 2. Let s be o(3). Let t be 4/10 - 4/s. Let f(v) = 0 + v**2 - 3 + t. What is f(3)?
6
Let i(x) = x**2 - 6*x + 5. Let c be i(4). Let q(k) = k - 1. What is q(c)?
-4
Let b(y) be the second derivative of 1/20*y**5 + 5*y**2 - 2/3*y**4 - 3*y + 0 + y**3. Determine b(7).
3
Suppose -4*b = 4*l - 8, 0 = -4*b + 3*l + 13 + 9. Let w(c) = c**2 - 3*c + 5. Determine w(b).
9
Let m(s) = -659*s**2 + 0 - 1 - s**3 + 4*s + 662*s**2. Let f be 1 + (-2)/1 + 5. Calculate m(f).
-1
Suppose 0 = 2*n - n - 1. Let j be (-2 + 2)*n/(-2). Let v(z) = -z**3 + z**2 + 6. Calculate v(j).
6
Let h(m) = -m**3 - m. Let x(k) = 3*k - 11. Let r(o) = -o + 4. Let b(l) = 8*r(l) + 3*x(l). Let a be b(2). Calculate h(a).
-2
Let i(t) = -t**2 - 2. Let f(v) = -v + 4. Let y be ((-1)/1)/(2/(-4)). Let n be f(y). Calculate i(n).
-6
Let c(r) = -r. Let u(z) = z**3 + 8*z**2 + 7*z - 5. Let t = 4 + -11. Let x be u(t). Give c(x).
5
Suppose 12 = -2*t + 5*t. Let m(u) = -u**2. Let c(w) = w**3 - 7*w**2 + w - 5. Let x be c(7). Let k(q) = q**2 + 2*q. Let v(a) = x*m(a) + k(a). Determine v(t).
-8
Let b(c) = -c**2 + 14*c - 30. Let g be b(12). Let w(f) = f**3 + 7*f**2 + 6*f - 1. Determine w(g).
-1
Suppose 0 = 5*u - u + 20. Let r(q) = 2*q. Let d(z) = 1. Let j(p) = -5*d(p) - r(p). What is j(u)?
5
Let k(i) = 8*i**2 - 2*i + 1. Let a(y) = 9*y**2 + 3*y + 1. Let l be a(-1). Let c = -6 + l. What is k(c)?
7
Let r(a) = -11*a**3 + 4*a**2 - 5*a + 8. Let l(d) = 4*d**3 - d**2 + 2*d - 3. Let f(g) = -8*l(g) - 3*r(g). Determine f(4).
-4
Let m(i) = -9*i - 3*i**2 + 7 + 12*i**2 - 6*i**2 - 4*i**2. Calculate m(-10).
-3
Let f(o) be the first derivative of o**2 - 3 + 4 + 4*o - 4. Let b(i) = -i**2 + 6*i - 3. Let a be b(6). What is f(a)?
-2
Let r(h) = 2*h + h - 3 - 8 - 2*h. What is r(5)?
-6
Let s(h) = -7*h**2 - 10*h - 3. Let x(w) = 20*w**2 + 29*w + 8. Let i(q) = 17*s(q) + 6*x(q). Suppose d = -5*a - 18, 4*a + 5*d = -24 - 3. Determine i(a).
-6
Let b(h) = -3*h. Suppose -4*k - 2*v = -6, -v - 3*v - 4 = 0. Suppose 7*p + 25 = -5*c + 2*p, -4 = -k*c + 5*p. What is b(c)?
9
Let t(z) = 10*z**3 - 2*z**2 + 3*z + 1. Let o(s) = 11*s**3 - 3*s**2 + 4*s + 2. Let v(u) = 2*o(u) - 3*t(u). What is v(1)?
-8
Let m(q) be the third derivative of -q**5/60 - q**4/6 - q**3/3 - 5*q**2. Determine m(-5).
-7
Let r(o) be the first derivative of o**3 - 2 + 3*o - o**2 + 1/4*o**4. What is r(-4)?
-5
Let n(y) be the third derivative of -y**6/360 + 7*y**5/120 - 5*y**4/24 - 5*y**3/6 - 7*y**2. Let c(z) be the first derivative of n(z). Give c(6).
1
Let l(t) = 10*t**2 - t - 1. Let p = -1 - -1. Suppose 3*r + r = 12. Suppose u + r*u - b + 8 = p, 4*u - 3*b + 16 = 0. Calculate l(u).
10
Let t(k) = -2*k + 6. Suppose 2*v - x - 12 = 0, 5*x - 6 - 4 = -4*v. What is t(v)?
-4
Let m(w) be the third derivative of w**5/60 - w**4/8 - 7*w**3/6 - 4*w**2. What is m(5)?
3
Let o = 8 + -6. Suppose -2*g - o*d = -6, 0 = 3*g + 5*d - 2 - 9. Let j(i) = 0*i - 2*i**2 + 1 + 0*i - 5*i**2 - g*i. Calculate j(1).
-8
Suppose 0*u + 8 = 2*u. Let j(g) = 4 - 3*g**2 + u*g + 6*g**2 - g - 4*g**2. Calculate j(5).
-6
Let v = 72 + -64. Let r(l) = -2*l + 9. Calculate r(v).
-7
Let g(w) = -w**3 + 6*w**2 - 1. Suppose 0*s + 5*s - 30 = 0. Let y = s - 0. Calculate g(y).
-1
Let l = -1 + -5. Let v = l + 8. Let c(j) be the second derivative of -j**5/20 + j**3/6 + j**2/2 - j. Give c(v).
-5
Let o(a) be the first derivative of a**3/3 + 3*a**2/2 - 2*a + 109. Suppose -r - 3 - 1 = 0. What is o(r)?
2
Let m(j) = -j + 5. Let r(g) = 4*g - 15. Let k(c) = 7*m(c) + 2*r(c). What is k(-4)?
1
Let s(d) be the third derivative of -d**4/24 + d**3/3 + 13*d**2. Determine s(-2).
4
Let z(x) = x - 16. Let m(p) = -5. Let r(o) = 7*m(o) - 2*z(o). Let j(i) = 1. Let k(a) = 4*j(a) + r(a). Calculate k(3).
-5
Suppose 2*k - 8 = -5*q, -4 = -0*k - k + q. Suppose g = k*g. Let z(i) = -i**3 + g*i**3 - 6*i + 2 - i**2 - 6*i**2. What is z(-6)?
2
Let u(g) = g - 2. Suppose 19*i - 24*i = -25. What is u(i)?
3
Suppose -2*z - 4*h + h + 19 = 0, 0 = -z + 2*h - 1. Suppose z*n - 5 = -5*k + 2*n, 5*k - 35 = 3*n. Let j(o) = -2*o + 3. Calculate j(k).
-5
Let y = 7 - 4. Let u be 2/4 + y/(-6). Let z(j) = -4*j**3 - 2*j**2 + u*j**2 + j**2. Give z(1).
-5
Let w be (-15)/60*(1 + -1). Suppose -4*u + 12 = -0*u. Let n(j) = -u*j + 5*j - j**2 - 3*j. Give n(w).
0
Let z(p) = -p**2 + 8*p - 4. Let v(k) = k**2 + 7*k + 7. Let b be v(-8). Suppose 3*g + b = -5*f + 40, f - 5*g = 5. Suppose 0 = j - 2*j + f. Determine z(j).
11
Let u(d) = d**2 + d**2 + 3*d + 4 + 0*d**2 - d**3 + 0*d. Give u(3).
4
Let j(d) = d**2 + 4*d - 1. Let o be j(-3). Let l(g) = g**2 + 3*g + 2*g - 4 + 4. Let r be l(o). Let s(z) = -z**2 - 4*z - 2. Give s(r).
-2
Suppose 19*f - 29*f + 90 = 0. Let k(g) = -g**2 + 10*g - 7. What is k(f)?
2
Suppose -5*n - 17 = -4*r, -2*r - 3*r = -n + 5. Let j = 4 - r. Let q = -10 + j. Let s(i) = -i**3 - 4*i**2 - i + 3. What is s(q)?
7
Let p(a) = -4*a. Let h(t) = -t - 8. Let k = 4 - 13. Let l be h(k). Let d = -3 + l. What is p(d)?
8
Let a(r) = -3*r**2 - 2*r - 1. Let w be a(-1). Let p = -3 - -5. Let m(d) = 1 - p*d + 2 + 7*d. Determine m(w).
-7
Suppose 2*g + 4*j + 3 = j, -g - j = 0. Suppose 9 = 3*r - g. Let b(k) = -k - 1. Let s(m) = 6*m + 6. Let u(n) = 5*b(n) + s(n). Give u(r).
5
Suppose -3*c + 7*c = -28. Let x(a) = -a**3 - 7*a**2 + a + 8. Let z be x(c). Let f(l) = -2*l - 2*l + 3*l + z. Determine f(5).
-4
Let b(u) be the third derivative of -u**6/360 + u**5/120 - u**4/24 + 11*u**3/6 - u**2. Let a(q) be the first derivative of b(q). What is a(0)?
-1
Suppose 0 = -4*a + 5*b - 26, 7 = 3*b + 1. Let u(d) = -5 + 0*d**2 - d**2 + d**3 + 6*d**2 + 4*d. Determine u(a).
-5
Let n(g) 